 766. Is c composite?
True
Let p be ((-2)/6)/(1/(-9)). Suppose -5*w + 67 = -p. Is -2 + (w - -2) - 0 a prime number?
False
Let b = -26 + 30. Suppose -5*a - 17 - 8 = 0, a - 1403 = -b*q. Suppose -3*u = 2*u + 5, q = 5*f + 3*u. Is f prime?
True
Let s(v) = v + 3. Suppose -2*u - 22 = -u - 3*o, 0 = -5*u - 4*o - 15. Let m = 3 - u. Is s(m) a composite number?
False
Suppose 0 = 7*r - 287 - 217. Suppose -77*z = -r*z - 4195. Is z a composite number?
False
Let n = 10402 + 687. Is n composite?
True
Let d = 7 + -13. Let g(y) = -2*y**3 - 3*y**2 - 6*y - 13. Let s(i) = -i. Let r(l) = g(l) - 5*s(l). Is r(d) a composite number?
False
Suppose -4*f = -1 - 3. Suppose 3*n + k = 3 + f, 5*k + 4 = -3*n. Suppose -5*x = 2*a - 619, 5*a - 764 = n*x + 769. Is a a composite number?
False
Is 4 + 4 + 2325 + 1 + -1 prime?
True
Let w = -23058 - -39367. Is w composite?
True
Suppose 20*k - 775 = 15*k. Suppose -586 = -4*t - 0*t + 5*p, -t + k = 3*p. Is t prime?
True
Is (-1676995)/(-15) - 7/(-21)*-2 a composite number?
False
Let v(g) = g**3 - 2*g + 2. Let x be v(1). Let z(q) = 699*q**2 - q + 1. Is z(x) prime?
False
Let y = -277 - -608. Is y a composite number?
False
Let a(w) = -w**2 - 2 + 5 + 164*w**3 - 2 + w - 2*w**2. Is a(1) a composite number?
False
Let p = 16 + -9. Suppose p = -3*k - 2. Let a(t) = -41*t + 4. Is a(k) a prime number?
True
Let a be (-64)/10*(-15)/(-2). Is 32/a - 1988/(-3) a composite number?
True
Let x(a) = a**3 - 5*a**2 - 7*a + 5. Let y be x(6). Let v be y/(-4)*0 - 0. Suppose -2*p + 1571 = 2*p + 5*g, 4*p + g - 1559 = v. Is p a prime number?
True
Suppose 0 = 11*a - 4*a - 9653. Is a a prime number?
False
Is (-4)/18 + (-13195)/(-45) prime?
True
Let p be (-18)/(-5) - (-6)/15. Let h be (-2)/32*-4*p. Is -2 + (4 - -232) - h composite?
False
Let b(a) = 64*a**2 - 20*a - 13. Is b(-6) composite?
False
Let h = 15870 + -2333. Is h prime?
True
Suppose 5*u = -6*d + 3*d - 2, 0 = -5*d + 5*u + 10. Let t(h) = d + h**2 - 3*h**2 + 5*h**2 - 4*h - h**2. Is t(5) composite?
False
Let b = 1391 + -348. Is b composite?
True
Let k(s) = 967*s**3 + 4*s**2 - 4*s + 3. Is k(2) prime?
False
Let f(m) = 1025*m**2 + 4*m - 1. Is f(-2) composite?
False
Suppose -o + 887 = -0*o. Is (3 - (2 - 1)) + o a composite number?
True
Let w(x) = -2*x + 3. Let f be w(3). Let t(y) = -33*y**3 - 3*y**2 - 5*y + 7. Is t(f) composite?
True
Let r(p) = -25*p**2 - 3*p + 37. Let b(k) = k**2 + k - 1. Let v(a) = -2*b(a) - r(a). Is v(9) a prime number?
False
Let z(b) be the first derivative of 215*b**3/3 + 9*b**2/2 - 3*b + 40. Is z(-4) prime?
False
Let j be 136/102*((-19)/2 + -1). Is (j/(-21))/((-2)/(-8331)) a composite number?
False
Let r(h) = -17*h - 9*h**3 + 10*h**3 + 19*h**2 + 2 - 2*h - 4*h**2. Is r(-15) composite?
True
Let b = 626 + 1836. Let w = -1609 + b. Is w prime?
True
Is (60730/(-15) - -1)*-3 a composite number?
False
Let u = 525 - 225. Suppose -2*z = -3*k - 53 - u, -3 = -3*k. Is z prime?
False
Let z = -16 + 13. Let y be (-4)/z + 8/12. Suppose 0 = -4*i + 3*c + 2*c + 467, 211 = y*i + 5*c. Is i a prime number?
True
Let f(t) = 42*t**2 - 22*t + 137. Is f(18) prime?
False
Suppose 2*h + 1 = 3*d - 6, 0 = -3*d + 3. Let n be (-88)/(-55) - h/5. Suppose 5*u - 20 = 0, -5*i + 23 = -n*u - 124. Is i a prime number?
True
Let u(r) = -13 - 1 - 7*r - 14 + 6*r. Let j be u(-7). Is 1889/3 + (-28)/j prime?
True
Suppose 0 = 4*s + 1171 - 3491. Suppose -s = -v - v. Suppose u - v = -2*l + 388, -4*u = -16. Is l composite?
False
Let j(h) = 5*h - 1. Let k be j(3). Suppose 0 = -2*p + p + k. Is (p/21)/((-2)/(-663)) prime?
False
Let r(f) = f**2 - 1. Let p be r(-2). Suppose 3*u = -3*s + 1221, -2*u + 813 = 7*s - 6*s. Suppose p*m - 5*t - u = 0, 259 = -m + 3*m - t. Is m a composite number?
False
Let o = -13 - -28. Suppose 0*l + o = 3*l. Suppose -4*p = -l*w + 171, -p = 5*w - 2*p - 174. Is w a composite number?
True
Let f(s) = -9 - 2*s - 3*s**2 + 0*s**2 + 4 + 6*s. Let b(r) = -2*r**2 + 5*r - 6. Let n(z) = 3*b(z) - 4*f(z). Is n(-3) prime?
True
Let g(q) = -20*q + 35 - 39*q + 15*q - 4*q. Is g(-11) a prime number?
True
Let v = 8571 - -12630. Suppose -12*q + v = -963. Is q a composite number?
False
Suppose 0 = -574*f + 571*f + 22359. Is f a composite number?
True
Suppose 0 = 5*g - 5*f + 4 + 1, 2*g = -2*f - 14. Let q be 8/g + 5 - -21. Suppose i + q = 2*r - i, -3*i = 4*r - 13. Is r a prime number?
True
Let l(y) = y**3 + 3*y**2 - 2*y - 4. Let c be l(-2). Suppose -t - 1909 = -2*t - 3*s, c*t + 3*s - 7654 = 0. Is t prime?
False
Suppose -5*w = -h - 16, -8 - 2 = -4*w - 2*h. Suppose -2*t = 2, -8*f + w*f + 4*t + 5414 = 0. Is f prime?
False
Let y = 85824 + 57731. Is y a prime number?
False
Let i = 18 + -15. Suppose 0*b + l - 577 = -2*b, i*b - 4*l = 893. Suppose 5*t + b - 1366 = 0. Is t a prime number?
False
Is (573/12)/(6/(-24))*-1 composite?
False
Let p be 5/((-15)/6) - 0. Let x(c) = 0 - 2*c - 3*c**2 + c**2 - 26*c**3 - 1. Is x(p) a prime number?
False
Let s be (-3)/(-2)*38/19. Suppose 5*l - 1573 = -3*w + 2192, 0 = 3*l + s*w - 2259. Is l a prime number?
False
Suppose 4*o = 18 + 302. Let z = o - 25. Is z composite?
True
Suppose -125*s - 1476 = -134*s. Suppose -4*b - 54 = -482. Let w = s - b. Is w composite?
True
Let y(p) = -p**2 - 14*p - 6. Let c be y(-13). Suppose -12*b + c*b + 4665 = 0. Is b composite?
True
Let i be (2 + 16/(-6))/(2/1818). Let t = i - -1273. Is t prime?
False
Is (-17)/85*(0 - 106885) a prime number?
True
Suppose 836 = -6*f + 10*f. Let q = 182 + f. Is q composite?
True
Let j = -19 + 40. Suppose -j = w + 3*h, w + 0*w - 5*h = 11. Is w/(-3) - (-374 + -4) a prime number?
False
Suppose 3*h + 4*s - 16123 = 0, -4*s = -6 + 26. Is h a composite number?
False
Suppose 3*s = -2*l + 11569, 0*l - 2*s = 5*l - 28939. Is l a composite number?
True
Let j(q) = -q**3 + 11*q**2 + 11*q - 5. Let v be j(12). Let x = -15 - v. Suppose -x*u = -4*u + 158. Is u prime?
True
Let z be 1 + 1043 + (-22)/(-11). Let a = -601 + z. Is a a prime number?
False
Let z be 33/((-3)/54*-2). Suppose -2*r + 5*y + 597 = 0, -2*y = r - 4*y - z. Is r composite?
True
Let o be (-2)/8 - 231/(-44). Let a(w) = 2*w**2 + o + 1 - w - 2. Is a(-7) prime?
True
Let r(u) = -2699*u - 35. Is r(-2) composite?
True
Suppose 42*c - 695897 + 246413 = 0. Is c composite?
True
Suppose 4*f - 10 = 6, 3*h - 3*f - 3 = 0. Suppose 3*i = 4 + h. Suppose i*g + 728 = 2777. Is g a composite number?
False
Let s(d) = -48*d**3 + 2*d**2 + d + 2. Let t be s(-2). Let o be (17 + -15)/((-4)/474). Let f = t + o. Is f a composite number?
True
Let a(p) = 3*p + 38. Let j be a(-12). Is 545 - 32/(-8)*1/j a prime number?
True
Let q be (-1)/3 - (-149967)/27. Suppose -n - n = -q. Is n prime?
True
Let u = 12 + -10. Suppose c + 4*r - 1413 = -0*c, -4*r = -u*c + 2778. Is c a prime number?
False
Let g(o) = 581*o**2 - 18*o + 53. Is g(4) a composite number?
False
Let r = 36611 + 15510. Is r a composite number?
False
Suppose q + 4*k - 263 = 0, 1264 = 5*q + 2*k + k. Is q prime?
True
Let r be (5 + -1 + -904)*2/4. Let c = r + 899. Is c a composite number?
False
Suppose 0 = -2*t - t + 12. Suppose 0 = 5*v - 10, t*n - 2*v - 2*v = 996. Is n prime?
True
Let d(n) = 48*n**2 + 10*n + 24. Let q be d(-5). Suppose 2*x + t = 3522, 2*x + 4*t + q - 4684 = 0. Is x a composite number?
True
Let g = -154 + 216. Let h be (-18)/15*(-10)/4. Suppose 5*k - h*k = g. Is k prime?
True
Suppose 2*f - 4*b - 24298 = 0, -f - 2*b + 24280 = f. Is f composite?
False
Let m = 161 - -25. Let f be 1 - ((-3)/(-1) - m). Suppose 0 = -y - 5*r + r + 183, -f = -y - 5*r. Is y composite?
False
Suppose -4*z + 3 + 9 = 0. Suppose -1766 = 5*b - 4*i - 6015, -2555 = -z*b + i. Is b a prime number?
True
Suppose 5*m - 4*m = 11. Let x = 13 - m. Suppose 4*i = 2*v + 304, -3*i - 4*v = x*i - 393. Is i a prime number?
False
Let m(u) = -41*u + 4. Let o be m(-5). Suppose -a = -6*a. Suppose a*r - r = -o. Is r a composite number?
True
Let c(r) = 15*r**2 - 7*r + 3. Let z be c(-5). Let w(s) = -9*s**3 + 5*s**2 - 2*s - 4. Let l be w(3). Let k = l + z. Is k a composite number?
True
Let x = 16666 - 9489. Is x prime?
True
Is (2*(-12142)/(-4))/(46 + -45) prime?
False
Suppose 6*s - 7*c + 8*c = 173953, 2*s + 5*c = 57961. Is s a composite number?
True
Let q(x) = 1243*x - 683. Is q(58) prime?
True
Is 4/(-1)*(-32167)/76 a prime number?
True
Suppose -4*k = -y + 4 + 2, -y + 2*k + 6 = 0. Suppose y*h - 2246 = 1432. Is h composite?
False
Is (-7)/(